{"id":9,"date":"2014-08-31T01:20:00","date_gmt":"2014-08-31T01:20:00","guid":{"rendered":"http:\/\/adnet.cl\/sitio2014\/?page_id=9"},"modified":"2014-09-12T19:00:12","modified_gmt":"2014-09-12T19:00:12","slug":"compania","status":"publish","type":"page","link":"http:\/\/adnet.cl\/wcm\/compania\/","title":{"rendered":"Compa\u00f1\u00eda"},"content":{"rendered":"<p><img loading=\"lazy\" decoding=\"async\" class=\"alignnone wp-image-306 size-full\" src=\"http:\/\/adnet.cl\/sitio2014\/wp-content\/uploads\/2014\/08\/adnet_web.jpg\" alt=\"\" width=\"980\" height=\"200\" srcset=\"http:\/\/adnet.cl\/wcm\/wp-content\/uploads\/2014\/08\/adnet_web.jpg 980w, http:\/\/adnet.cl\/wcm\/wp-content\/uploads\/2014\/08\/adnet_web-300x61.jpg 300w, http:\/\/adnet.cl\/wcm\/wp-content\/uploads\/2014\/08\/adnet_web-150x30.jpg 150w\" sizes=\"(max-width: 980px) 100vw, 980px\" \/><\/p>\n<p>ADNET Consulting inicia sus actividades el a\u00f1o 2000 con un equipo experimentado de profesionales en consultor\u00eda, desarrollo de software e ingenier\u00eda de procesos.<\/p>\n<p>Se propone el desaf\u00edo de ofrecer servicios de calidad superior y aumentar su presencia en el mercado, para ello incorpora a profesionales de gran potencial, con altas calificaciones, y los capacita en procesos CMMI, ISO 9001, herramientas de desarrollo, bases de datos, UML y control de calidad de software.<\/p>\n<p>Producto de su madurez, amplia la l\u00ednea de servicios, proveyendo Consultor\u00eda e-business, ingenier\u00eda de software, integraci\u00f3n de sistemas, implantaci\u00f3n de SAP R\/3, ingenier\u00eda de procesos y head hunting de profesionales inform\u00e1ticos.<\/p>\n<p>Los equipos profesionales de ADNET Consulting poseen experiencia y competencias en las industrias Financiera, Seguros, Retail, Log\u00edstica, Telecomunicaciones, Energ\u00eda y Gobierno.<\/p>\n<p>ADNET Consulting aplica con rigurosidad en todas las l\u00edneas de servicios que provee el know how provisto por CMMI e ISO 9001.<\/p>\n<p>Miles de horas de servicios profesionales, grandes empresas clientes presentes desde su fundaci\u00f3n, avalan nuestra experiencia y el valor que entregamos a su negocio.<\/p>\n","protected":false},"excerpt":{"rendered":"<p>ADNET Consulting inicia sus actividades el a\u00f1o 2000 con un equipo experimentado de profesionales en consultor\u00eda, desarrollo de software e ingenier\u00eda de procesos. Se propone el desaf\u00edo de ofrecer servicios de calidad superior y aumentar su presencia en el mercado, para ello incorpora a profesionales de gran potencial, con altas calificaciones, y los capacita en&#8230;<\/p>\n","protected":false},"author":1,"featured_media":0,"parent":0,"menu_order":0,"comment_status":"closed","ping_status":"closed","template":"templates\/fullwidth.php","meta":{"footnotes":""},"_links":{"self":[{"href":"http:\/\/adnet.cl\/wcm\/wp-json\/wp\/v2\/pages\/9"}],"collection":[{"href":"http:\/\/adnet.cl\/wcm\/wp-json\/wp\/v2\/pages"}],"about":[{"href":"http:\/\/adnet.cl\/wcm\/wp-json\/wp\/v2\/types\/page"}],"author":[{"embeddable":true,"href":"http:\/\/adnet.cl\/wcm\/wp-json\/wp\/v2\/users\/1"}],"replies":[{"embeddable":true,"href":"http:\/\/adnet.cl\/wcm\/wp-json\/wp\/v2\/comments?post=9"}],"version-history":[{"count":6,"href":"http:\/\/adnet.cl\/wcm\/wp-json\/wp\/v2\/pages\/9\/revisions"}],"predecessor-version":[{"id":307,"href":"http:\/\/adnet.cl\/wcm\/wp-json\/wp\/v2\/pages\/9\/revisions\/307"}],"wp:attachment":[{"href":"http:\/\/adnet.cl\/wcm\/wp-json\/wp\/v2\/media?parent=9"}],"curies":[{"name":"wp","href":"https:\/\/api.w.org\/{rel}","templated":true}]}}